)
-14
Calculate 13 - (5 - (-1 + 1)) - (-4 - -5).
7
What is the value of -71 + 76 - ((-5 - -5 - 10) + 5)?
10
What is the value of (-22 - -2) + 13 - (1 + -6) - 7?
-9
What is 10 + -5 - (0 + 24)?
-19
Calculate -5 - ((-1 - -3) + -10) - 13.
-10
What is the value of 66 - 71 - (3 - 3 - -14)?
-19
What is the value of 10 - 5 - (33 + 31 + -47)?
-12
What is the value of (16 - (-6 + 15)) + -16?
-9
What is the value of (2 - -5) + -43 + 21 - -2?
-13
What is the value of -2 + 0 + (115 - 100)?
13
Calculate 4 - (29 + -17) - (-7 + -1 + 2).
-2
Evaluate 7 + -10 + -13 - (23 + -23).
-16
What is the value of -18 + (3 - (26 + -37))?
-4
Calculate -2 + 1 + 6 - 3 - (8 + 4).
-10
Calculate -12 + 1 + (-13 - (-6 + 11 + -19)).
-10
Evaluate 491 + -482 - (28 + -2).
-17
-1 + (10 - 13) - (5 + -3 - -5)
-11
-1 - (4 + -9 + (2 - -1)) - 18
-17
(52 - 44) + 3 + 4
15
1 + (3 - 8 - -4) + -31 + 16
-15
Calculate (6 - 1) + 1 + -9 + (82 - 59).
20
What is the value of (37 - -60 - 77) + (-25 - -1)?
-4
What is -1 + 14 + (51 - (39 + 1))?
24
Calculate -37 + 31 + (3 - 4).
-7
What is the value of 27 + -10 + -16 + 8 + -6?
3
What is 4 + -7 + 0 + 8 + -1?
4
Evaluate 13 + (0 - -8 - 23).
-2
Evaluate -3 + -33 + 21 + 9 + 0.
-6
Calculate 4 + (-2 + 4 + 0 + -4 - 0).
2
What is -4 - -2 - 46 - -9?
-39
Evaluate 17 + 1 - (-27 - -22 - -61).
-38
Calculate (-5 - 12) + -42 + 62.
3
What is the value of 22 - 5 - (-8 - -12)?
13
Calculate -5 + (-5 - -16) + -3 + -6 + -16.
-19
4 + (-1 - 4) + -227 + 228
0
Calculate 792 + -764 - (0 - -7).
21
13 - 15 - (2 + -9)
5
What is the value of -37 - -20 - -46 - 11?
18
0 - (11 + -7 + 22 + -8)
-18
-12 + 7 + 35 + (2 - 2)
30
What is -6 + -1 - (-1021 + 1020)?
-6
Evaluate -3 - 6 - -23 - 3.
11
311 - 293 - (1 + 14)
3
-5 - (-7 + 6 - -10 - 3)
-11
Evaluate -18 + 14 + 1 + 2 + (4 - 7).
-4
Calculate -4 + (0 - -18) + -5.
9
What is the value of 8 + -9 - (4 + -11)?
6
Evaluate 4 - (1 + 12 + -15) - -12.
18
What is (-7 - (0 + 0)) + 7 + 23 + -19?
4
Evaluate (-25 - -21) + (-3 - (-23 + 4)).
12
What is the value of 30 - (73 - (40 + -15))?
-18
What is 1 - ((-1 - 6) + -16 + -35 + 75)?
-16
8 - (-3 + -13 - -43)
-19
What is -4 + -2 + 6 + (-1 - (1 + -13))?
11
What is the value of (26 - -33 - 27) + -63?
-31
What is (-8 - (-2 - -4)) + -2 - -24?
12
Calculate -4 - (9 - (5 + 4 + 0)).
-4
What is 1 + (-3 - 2) + (15 - 15 - 8)?
-12
What is -188 - -192 - (1 + -4 - -1)?
6
What is the value of -7 + -5 + 8 + (2 + 1 - 2)?
-3
(-570 - -557) + -1 + 8 + 1
-5
What is -41 + 9 - -1 - (-7 + -5)?
-19
What is 10 - (-13 + 39 - 14)?
-2
Evaluate -4 + (3 - (1 + 8 - 2) - 0).
-8
What is 3 - (0 + (6 - (8 - -4)))?
9
-7 - ((2 - 0) + (2 - (3 + -5)))
-13
Evaluate -1 + -7 + (-7 - -1 - 2) + 30.
14
Evaluate -29 - ((4 - (-4 - -11)) + -5).
-21
Evaluate (-6 - (-2 - -12)) + (9 - (21 - 4)).
-24
Evaluate 2 - ((-11 - -8) + -5 + 24).
-14
What is -10 + -38 + 48 + 0 + 27?
27
What is -8 + -10 - -22 - (-5 + 3 - -5)?
1
Evaluate (-5 - -5 - 0) + (33 - 34).
-1
What is the value of 56 + -82 + (-1 - -41)?
14
What is the value of 27 + 27 + -11 + -29?
14
What is -3 + -11 + 4 + -12 - -14?
-8
Evaluate (11 + (0 - 6) - 14) + 3 - 6.
-12
Calculate (-19 + -1 - 0) + -44 + 48.
-16
Evaluate (-68 - -8) + 56 - ((1 - -31) + -1).
-35
Calculate -8 + (10 - (3 - -5 - -2)).
-8
Evaluate 11 + -1 + (-9 - -1) + 1.
3
Calculate 409 + -410 - (-2 - 1).
2
Calculate (-4 - -8) + -4 + (-25 - -16).
-9
What is the value of -10 + (-2 - (-6 + 1)) + 8?
1
30 - 20 - (-3 - -40) - -9
-18
Evaluate -11 + 0 + 1 + -25 + 23.
-12
Evaluate (-2 - -12) + (822 - 860).
-28
Calculate 13 + -7 + (-3 - 0).
3
What is the value of (-1 - -9) + 13 + -31?
-10
Calculate -7 - (-15 + 4 + 14).
-10
-15 + (28 - 6) - -6
13
What is -3 - 1 - 4 - (154 - 156)?
-6
What is -153 - -139 - (0 - (-1 - 0))?
-15
Evaluate (0 - 2) + 54 + -51 - -1.
2
2 + (3 - 2) + (11 + -4 - 15)
-5
What is -7 + (2 + -19 + 9 - -24) + -8?
1
Calculate 24 + -20 - 4 - -5.
5
What is the value of (0 - (7 + -12)) + -10 + 7 + -1?
1
(24 + -12 + -17 - 0) + 25
20
-3 - 9 - -24 - 10
2
3 + (4 - 4) + 0 + 3 + -10
-4
What is 28 - (35 - 30 - 8)?
31
What is the value of (808 - 827) + 1 + 26?
8
What is the value of -2 + -3 + 23 + (16 - 36)?
-2
What is (15 - 21) + -26 + 18?
-14
Calculate (-1 - -24) + (-6 - (-1 + 8) - -6).
16
Calculate 3 + (2 + -5 + 4 - (7 + -3)).
0
Evaluate 5 + -13 - -8 - 1.
-1
-8 + 0 + (22 + 19 - 39)
-6
What is (14 - (7 + -4 + 1 + -4)) + -6?
8
What is the value of 14 + (4 - (15 - 1))?
4
-187 + 179 - (-19 - 2)
13
What is the value of 5 + -31 + 6 + 2 + 5?
-13
What is 8 + -1 - (9 - (5 - 1))?
2
-4 - -2 - (-12 - -3 - (-2 + 0))
5
Calculate -2 - (-1 + 1) - (-3 + 9 + -15).
7
(5 - 1) + (-30 - -39) + (-2 - 3)
8
Evaluate 14 - (-22 + (3 - -18)).
15
Calculate 3 + (19 - (-8 - -21)).
9
Evaluate -19 - -11 - (-14 - 6).
12
Evaluate 37 + -17 + 11 + -32.
-1
Evaluate (247 - 214) + -26 + -8.
-1
Calculate 28 - 19 - (10 + -5 + -7).
11
What is the value of 1 - (0 + -3 + 2 + 6 + -3)?
-1
What is -2 - ((40 - 82) + (6 - (4 - 7)))?
31
-1 - (-1 + 0 + (15 - 8) + -9)
2
What is the value of (-3 - ((0 - 0) + 0)) + -1707 + 1710?
0
What is the value of 6 - (3 + -15 + -3 - -44)?
-23
Calculate -26 - -12 - (3 + -21 + 4).
0
What is 11 + -9 - -30 - 20?
12
Calculate (-3 - (-4 - -8)) + (-8 - (-18 + 13)).
-10
Calculate 33 + (25 - 48) + -31.
-21
4 - 28 - ((-2 - 11) + 6)
-17
Calculate -17 - (11 - 21 - 3).
-4
-10 + 49 + -32 + -4
3
What is -13 + (-68 - -49 - (-3 + -38))?
9
What is 23 + 1 - 3 - (82 - 74)?
13
Calculate (-8 - (4 + -1)) + -20 + 20 - -51.
40
What is -2 - ((2 - -1 - -3) + 8 + -9)?
-7
What is (22 - 9) + -11 + (-2 - 0 - -2)?
2
What is the value of 8 - (4 + -2 + -4 + -4)?
14
Calculate 2 - 13 - (-38 - -4 - -21).
2
What is the value of 5 + 1 + (7 - -1) + -4 + -5?
5
Calculate 0 - (-11 - (4 + -1 + -30)).
-16
What is -1 - -17 - (260 - 236)?
-8
Calculate -28 - (107 + -102 + (1 - 3 - -4)).
-35
-6 + -11 + -5 + 8
-14
(93 - 161 - -86) + (0 - -1)
19
Calculate (96 - 82) + (0 - 2).
12
Calculate -5 - (-4 - ((7 - -3) + -2)).
7
Evaluate 5 + 7 + -2 - -1.
11
(-12 - -18) + -7 + 5
4
What is -5 + -20 - (12 + -12)?
-25
What is 8 + (-13 - (-7 + 2 - 0)) + 12?
12
What is the value of (-2 - 4) + 4 + 2 + (-1 - 11)?
-12
What is 1 + (-15 - (12 + -15))?
-11
What is the value of 6 - (10 - -3) - (0 - -6)?
-13
(11 - 26) + 23 + (1 + 1 - 2)
8
What is the value of (6 + 3 - -19) + -18?
10
What is -2 + 1 + -2 + 13?
10
Calculate 3 + -6 + 9 + -4.
2
Calculate (21 - 4) + (-6 - 10 - -17).
18
Calculate 11 + 0 + (8 - (25 - 15)).
9
Calculate (-538 - -509) + (1 - -26).
-2
Evaluate (-9 + 1 - -4 - -1) + -1.
-4
What is the value of 3 + (-5 + 11 - (-12 + 18))?
3
Calculate 58 + -23 + (0 - 65).
-30
What is -4 + 8 - (7 + (5 - 21) + -7)?
20
Calculate (-12 - -38 - 4 - 12) + -9.
1
Evaluate -24 - -32 - (55 - 16).
-31
Evaluate (-3 - (12 - 10)) + 10 + 0.
5
Evaluate -9 - (-3 - (6 + 10 - -14)).
24
What is 1 - 10 - 0 - 7 - (-11 + 4)?
-9
Evaluate 2 - (0 - (1 + -5)) - (1 + -10).
7
What is 2 + -19 - (61 - 63)?
-15
7 - (-7 - (0 - (7 + 0)) - -3)
4
12 + (-4 - -2) + -2 + (126 - 134)
0
Calculate 1 - -45 - 20 - -12.
38
Evaluate (8 - 19) + 7 + 12 + -4 - 22.
-18
What is the value of (7 - 10) + 5 + -2 + 7 + -2?
5
What is the value of -12 + 24 + -8 + -4?
0
Evaluate 14 - (4 - (5 + -28)).
-13
What is (2 - -3) + -2 + (682 - 654)?
31
What is (0 - -7) + (40 - 40)?
7
What is (-2 - 13) + 7 + 17 + -26?
-17
3 + -1 + (28 - (4 + 0) - 15)
11
What is 1 + 2 - (-22 + 14 + 15)?
-4
-10 - (1 - -7 - (12 - 6))
-12
What is 3 - (-8 - (-8 - -9 - 26))?
-14
What is (3 - 0 - (31 + -23)) + (12 - 5)?
2
What is the value of 0 - (13 + 7) - (-5 + 5 - 10)?
-10
Calculate -2 + 0 - -17 - (216 + -213).
12
Evaluate (-1 - 18) + (13 - 3) - -21.
12
Calculate 4 + -1 + (-10 - -6 - (0 + 3)).
-4
What is the value of (8 - 8 - -8) + (-2 - (32 + -4))?
-22
Calculate (-10 + 7 - (-4 + (-5 - -2))) + -5.
-1
What is 15 + -4 + -46 + -3 + 13?
-25
Evaluate (-1 - (-2 - -5)) + (126 + -57 - 44).
21
Calculate 4 + (6 - (6 + (-8 - -14))).
-2
Calculate -8 + (-5 - -12 - -9).
8
Evaluate -4 + -2 + 11 + 2 + 4.
11
Calculate 78 - 81 - (-8 + (2 - 1) - 0).
4
What is 13 - -1 - (741 - 713)?
-14
5 + (12 + -18 - 14)
-15
Evaluate (1 - -13 - (0 - -2)) + (-22 - -18).
8
What is 4 + 5 + 1 + 1 - 14?
-3
Evaluate -15 + (-17 - -4 - (-16 - -1)).
-13
What is 1 + 25 + -28 - (0 - (16 + 4))?
18
Calculate -57 + -19 + 31 + 16.
-29
Calculate 3 + -1 + 3 - (-12 + (15 - 8)).
10